
In base 15, what is 5 + -b5?
-b0
In base 6, what is 1224 + 2?
1230
In base 4, what is -231 - 1?
-232
In base 9, what is 22 + 14?
36
In base 2, what is 1010001110 - 101?
1010001001
In base 6, what is -2 + -3?
-5
In base 6, what is -51 + 453?
402
In base 5, what is -14041 - -1?
-14040
In base 9, what is -253 - 1?
-254
In base 11, what is 0 + -208?
-208
In base 10, what is 294 - 0?
294
In base 14, what is -33 + 234?
201
In base 8, what is 2765 + -2?
2763
In base 9, what is 170 + 0?
170
In base 8, what is 6 + 47?
55
In base 14, what is 8b + 0?
8b
In base 16, what is 767 + -1?
766
In base 16, what is -3d5 + -5?
-3da
In base 6, what is -13 + -15?
-32
In base 3, what is -1 - -2100121?
2100120
In base 7, what is 5 - -1515?
1523
In base 4, what is 211330 - 11?
211313
In base 2, what is 0 + 1000100010?
1000100010
In base 6, what is 4 - -23332?
23340
In base 7, what is 1 + -53?
-52
In base 6, what is -1043 + -3?
-1050
In base 3, what is -202 + 2110?
1201
In base 5, what is 4 - -1014?
1023
In base 11, what is 1263 - -4?
1267
In base 5, what is 143 + -1?
142
In base 4, what is 223 - 1?
222
In base 5, what is 10 - -22?
32
In base 3, what is -2112 - -1?
-2111
In base 10, what is 5 - 3149?
-3144
In base 13, what is 170 + -2?
16b
In base 10, what is 4 - 113?
-109
In base 11, what is -4619 - 5?
-4623
In base 15, what is 1dc2 + -2?
1dc0
In base 16, what is -41 + 2?
-3f
In base 10, what is 7 - 745?
-738
In base 6, what is 3 - 24101?
-24054
In base 3, what is -10111120 + 10?
-10111110
In base 12, what is 876b + 5?
8774
In base 14, what is -7 - -82?
79
In base 9, what is -3 + 678?
675
In base 12, what is 207 - 1?
206
In base 12, what is 7 - 1330?
-1325
In base 3, what is -112211 - 112?
-120100
In base 6, what is 24 - -111?
135
In base 7, what is -4 - -403?
366
In base 5, what is -3 + 1010?
1002
In base 2, what is 1101000001101 - 11?
1101000001010
In base 3, what is -2110 - -211?
-1122
In base 7, what is -4 - -2030?
2023
In base 16, what is f - 20?
-11
In base 11, what is -859 - -1?
-858
In base 16, what is 2 + 6?
8
In base 4, what is 1321 + 12?
1333
In base 16, what is 0 + -501?
-501
In base 14, what is -bd + -1?
-c0
In base 3, what is 10001012 + -10?
10001002
In base 12, what is 1502 + 5?
1507
In base 6, what is -231 + -1?
-232
In base 4, what is -133 - 102?
-301
In base 3, what is -2 - 10102?
-10111
In base 16, what is 93d - -4?
941
In base 9, what is -22 - 22?
-44
In base 14, what is -43 - -2?
-41
In base 6, what is 1104 + -3?
1101
In base 6, what is -22 - -21?
-1
In base 4, what is 11 + 2123?
2200
In base 5, what is -301044 + 10?
-301034
In base 2, what is 0 + 1000011000111?
1000011000111
In base 10, what is 5 + 20?
25
In base 12, what is 32b - -a?
339
In base 3, what is -12010 + 22?
-11211
In base 4, what is -232111 + -1?
-232112
In base 13, what is -5 - -55?
50
In base 10, what is 20 - -165?
185
In base 9, what is -5 - 284?
-300
In base 6, what is 14 + 45?
103
In base 16, what is 39 + 4?
3d
In base 2, what is -10 - -1111101000000?
1111100111110
In base 4, what is 10123 + -303?
3220
In base 14, what is -5242 + 2?
-5240
In base 11, what is -189 - 34?
-212
In base 16, what is 3 - -2b?
2e
In base 3, what is 1122 - -121?
2020
In base 16, what is -45 - 5?
-4a
In base 10, what is 2 - -172?
174
In base 4, what is 32133 - 10?
32123
In base 4, what is -1310221 - 11?
-1310232
In base 3, what is -110021 - -2?
-110012
In base 13, what is -1b - -5cb?
5b0
In base 4, what is 2030020 + 0?
2030020
In base 6, what is 333 - 115?
214
In base 14, what is 2 - 10d7?
-10d5
In base 4, what is 1 - 20?
-13
In base 16, what is 25 - -2?
27
In base 2, what is 1011001 - -10?
1011011
In base 6, what is 140 + -242?
-102
In base 11, what is -4 + 134?
130
In base 5, what is -4202 - -4?
-4143
In base 8, what is 4 - -1?
5
In base 16, what is -4 - 509?
-50d
In base 6, what is -1 + 0?
-1
In base 7, what is -242 + -25?
-300
In base 7, what is 32 - 3130?
-3065
In base 13, what is -1b + -59?
-77
In base 15, what is 20 - -4?
24
In base 16, what is -8 - 1c?
-24
In base 7, what is 126 + -13?
113
In base 10, what is -3 + -1391?
-1394
In base 16, what is -10 + 7?
-9
In base 14, what is 24 - c?
16
In base 7, what is -3 + -43?
-46
In base 16, what is 2 + 8e?
90
In base 4, what is -1 - -222232?
222231
In base 9, what is 51 + 5?
56
In base 15, what is 3 - -a3?
a6
In base 6, what is 11531 + -14?
11513
In base 12, what is 47 + -21?
26
In base 15, what is -5 + -4d?
-53
In base 5, what is -10 + 121?
111
In base 5, what is 0 + -2000?
-2000
In base 11, what is 1684 + 2?
1686
In base 15, what is -bae - 6?
-bb5
In base 16, what is -e79 - 2?
-e7b
In base 9, what is 230 + -26?
203
In base 16, what is 3 + -1a?
-17
In base 10, what is 2536 + 2?
2538
In base 5, what is 3 + 21?
24
In base 3, what is -1020102002 + 2?
-1020102000
In base 15, what is 35 + 4?
39
In base 11, what is 3a3 + 10?
403
In base 13, what is -36b - a?
-378
In base 12, what is 2 - -20a?
210
In base 9, what is -2 - 207?
-210
In base 12, what is 1309 + -4?
1305
In base 16, what is 18f + 16?
1a5
In base 9, what is 2336 - 4?
2332
In base 15, what is -150 - 6?
-156
In base 10, what is 211 - -3?
214
In base 2, what is -10110 - 10?
-11000
In base 14, what is 5bc + -2?
5ba
In base 6, what is -12003 + -4?
-12011
In base 10, what is 3 - 96?
-93
In base 10, what is 17 - -18?
35
In base 7, what is 65 - -6?
104
In base 7, what is -2 + -211?
-213
In base 8, what is 427 - 0?
427
In base 11, what is 4 - -382?
386
In base 12, what is b6 - 2?
b4
In base 10, what is -1 - 658?
-659
In base 5, what is -10 - 30?
-40
In base 15, what is 2 + 17?
19
In base 5, what is 20 + -4022?
-4002
In base 2, what is 10110000001 + 111?
10110001000
In base 3, what is -11 - -2102000?
2101212
In base 11, what is -4a7 - -14?
-493
In base 10, what is 3 + 438?
441
In base 14, what is -1c - 17?
-35
In base 15, what is 0 + -17?
-17
In base 14, what is -3 + -ab?
-b0
In base 2, what is 1010111 + 100?
1011011
In base 10, what is -3 - 308?
-311
In base 11, what is 11 - 8?
4
In base 7, what is 1 + 145?
146
In base 3, what is 210 + -1?
202
In base 5, what is -3 - -313?
310
In base 7, what is 0 + 2103?
2103
In base 11, what is -198 + 2?
-196
In base 5, what is -2 - 1414?
-1421
In base 6, what is -103245 + 0?
-103245
In base 6, what is -100235 - -1?
-100234
In base 9, what is 7352 - -3?
7355
In base 14, what is 1 - -16?
17
In base 11, what is 1512 - 13?
14aa
In base 2, what is 1000100110 - 1000?
1000011110
In base 2, what is 1110011111 - 100?
1110011011
In base 8, what is -402 + 0?
-402
In base 5, what is -1 - -22040?
22034
In base 2, what is -101 - -100011101?
100011000
In base 10, what is 18555 + -1?
18554
In base 16, what is -5 - 4c?
-51
In base 12, what is 1368 - 6?
1362
In base 14, what is -2 + 1a?
18
In base 16, what is 84 - -2?
86
In base 4, what is -1313 - 320?
-2233
In base 13, what is -4200 + -2?
-4202
In base 11, what is 163 - -4?
167
In base 2, what is 0 - -10000000?
10000000
In base 16, what is -7 + 24?
1d
In base 9, what is 4 + -43?
-38
In base 12, what is 599 + 10?
5a9
In base 16, what is -2 - -da?
d8
In base 12, what is 22 - 5?
19
In base 5, what is 4 + 10033?
10042
In base 12, what is 106 + 4?
10a
In base 8, what is 2502 - 5?
2475
In base 14, what is -c - 3b?
-49
In base 2, what is 100 + 1010111?
1011011
In base 7, what is 54 - 0?
54
In base 3, what is 10 - 100020?
-100010
In base 3, what is -1200101 - 11?
-1200112
In base 4, what is -200 - 332?
-1132
In base 12, what is -1 + 707?
706
In base 13, what is 93 - -30?
c3
In base 4, what is 10 + 110?
120
In base 14, what is 4 + -96?
-92
In base 16, what is 1c1 - -4?
1c5
In base 9, what is 2 + 812?
814
In base 12, what is -6bb6 + -3?
-6bb9
In base 6, what is 545 + -4?
541
In base 14, what is 3 - -860?
863
In base 7, what is -5 - -4?
-1
In base 9, what is -3653 + -8?
-3662
In base 5, what is 0 - 44?
-44
In base 5, what is 1 + 20?
21
In base 7, what is -146 + 22?
-124
In base 11, what is -4 + -118?
-121
In base 14, what is 1b + -ba?
-9d
In base 7, what is 13 + -501?
-455
In base 6, what is 21410 - 5?
21401
In base 8, what is -105 + 104?
-1
In base 14, what is 5 + a7?
ac
In base 11, what is 39 - 16?
23
In base 4, what is -32 + -330?
-1022
In base 4, what is 1003 - 110?
233
In base 2, what is 1011110101 + -100?
1011110001
In base 12, what is 102